{"id":8,"date":"2020-08-18T13:45:56","date_gmt":"2020-08-18T13:45:56","guid":{"rendered":"https:\/\/valeriagayoso.wordpress.com\/?page_id=6"},"modified":"2023-08-25T14:10:05","modified_gmt":"2023-08-25T14:10:05","slug":"blog","status":"publish","type":"page","link":"https:\/\/valeriagayoso.com.ar\/index.php\/blog\/","title":{"rendered":"Blog"},"content":{"rendered":"\n<div class=\"wp-block-cover alignfull is-light has-background-dim-10 has-background-dim\"><span aria-hidden=\"true\" class=\"wp-block-cover__background has-background-dim-10 has-background-dim\"><\/span><img loading=\"lazy\" decoding=\"async\" width=\"1280\" height=\"853\" class=\"wp-block-cover__image-background wp-image-320\" alt=\"\" src=\"https:\/\/valeriagayoso.files.wordpress.com\/2020\/08\/pexels-markus-spiske-2990617-1-1.jpg\" data-object-fit=\"cover\" srcset=\"https:\/\/valeriagayoso.com.ar\/wp-content\/uploads\/2020\/08\/pexels-markus-spiske-2990617-1-1.jpg 1280w, https:\/\/valeriagayoso.com.ar\/wp-content\/uploads\/2020\/08\/pexels-markus-spiske-2990617-1-1-300x200.jpg 300w, https:\/\/valeriagayoso.com.ar\/wp-content\/uploads\/2020\/08\/pexels-markus-spiske-2990617-1-1-1024x682.jpg 1024w, https:\/\/valeriagayoso.com.ar\/wp-content\/uploads\/2020\/08\/pexels-markus-spiske-2990617-1-1-768x512.jpg 768w\" sizes=\"(max-width: 1280px) 100vw, 1280px\" \/><div class=\"wp-block-cover__inner-container is-layout-flow wp-block-cover-is-layout-flow\">\n<p class=\"has-text-align-center has-primary-color has-text-color has-large-font-size\"><strong>Tendencias globales de fundraising y engagement para el cambio social<\/strong><\/p>\n<\/div><\/div>\n\n\n\n<p class=\"has-heading-color has-text-color\">Lee mis publicaciones en el <a href=\"http:\/\/clubdefundraising.com\/\">Club de Fundraising<\/a>, comunidad global de tendencias de fundraising, en idioma espa\u00f1ol.<\/p>\n\n\n\n<div class=\"wp-block-group has-global-padding is-layout-constrained wp-block-group-is-layout-constrained\" style=\"margin-top:0px;margin-bottom:0px;padding-top:60px;padding-right:20px;padding-bottom:60px;padding-left:20px\">\n<div class=\"wp-block-group alignwide is-layout-flow wp-block-group-is-layout-flow\">\n<h2 class=\"wp-block-heading has-text-align-center section_title has-heading-color has-text-color has-big-font-size\" style=\"margin-top:10px\">Tendencias. Noticias. Opini\u00f3n.<\/h2>\n\n\n\n<div class=\"wp-block-group has-global-padding is-layout-constrained wp-block-group-is-layout-constrained\">\n<div class=\"wp-block-query is-layout-flow wp-block-query-is-layout-flow\">\n<div class=\"wp-block-columns is-layout-flex wp-container-core-columns-is-layout-1 wp-block-columns-is-layout-flex\">\n<div class=\"wp-block-column is-layout-flow wp-block-column-is-layout-flow\" style=\"flex-basis:50%\">\n<figure class=\"wp-block-gallery has-nested-images columns-default is-cropped wp-block-gallery-1 is-layout-flex wp-block-gallery-is-layout-flex\">\n<figure class=\"wp-block-image size-large\"><img loading=\"lazy\" decoding=\"async\" width=\"1024\" height=\"1024\" src=\"https:\/\/valeriagayoso.com.ar\/wp-content\/uploads\/2020\/08\/86359137_10157917827578749_4732568238045528064_o.jpg\" alt=\"\" class=\"wp-image-300\" srcset=\"https:\/\/valeriagayoso.com.ar\/wp-content\/uploads\/2020\/08\/86359137_10157917827578749_4732568238045528064_o.jpg 1024w, https:\/\/valeriagayoso.com.ar\/wp-content\/uploads\/2020\/08\/86359137_10157917827578749_4732568238045528064_o-300x300.jpg 300w, https:\/\/valeriagayoso.com.ar\/wp-content\/uploads\/2020\/08\/86359137_10157917827578749_4732568238045528064_o-150x150.jpg 150w, https:\/\/valeriagayoso.com.ar\/wp-content\/uploads\/2020\/08\/86359137_10157917827578749_4732568238045528064_o-768x768.jpg 768w\" sizes=\"(max-width: 1024px) 100vw, 1024px\" \/><\/figure>\n<\/figure>\n<\/div>\n\n\n\n<div class=\"wp-block-column is-layout-flow wp-block-column-is-layout-flow\" style=\"flex-basis:50%\">\n<h2 class=\"wp-block-heading has-heading-color has-text-color has-extra-large-font-size\">Tendencias, innovaci\u00f3n y creatividad en Fundraising<\/h2>\n\n\n\n<p class=\"has-heading-color has-text-color\">Creador@s de contenido, el diferencial para tu fundraising. #SocialMediaTrends2023<\/p>\n\n\n\n<div class=\"wp-block-buttons is-layout-flex wp-block-buttons-is-layout-flex\">\n<div class=\"wp-block-button has-custom-width wp-block-button__width-25 has-custom-font-size is-style-outline has-extra-small-font-size\"><a class=\"wp-block-button__link has-primary-color has-base-background-color has-text-color has-background wp-element-button\" href=\"https:\/\/www.clubdefundraising.com\/creadors-de-contenido-el-diferencial-para-tu-fundraising-socialmediatrends2023\/\" style=\"border-radius:0px;padding-top:0;padding-right:0;padding-bottom:0;padding-left:0\" target=\"_blank\" rel=\"noreferrer noopener\">Nota aqu\u00ed<\/a><\/div>\n<\/div>\n\n\n\n<p class=\"has-heading-color has-text-color\">\u201cModa por la Paz\u201d, la po\u00e9tica del arte vs el mensaje convencional. C\u00f3mo comunicar tu causa en el mundo digital<\/p>\n\n\n\n<div class=\"wp-block-buttons is-layout-flex wp-block-buttons-is-layout-flex\">\n<div class=\"wp-block-button has-custom-width wp-block-button__width-25 has-custom-font-size is-style-outline has-extra-small-font-size\"><a class=\"wp-block-button__link has-primary-color has-base-background-color has-text-color has-background wp-element-button\" href=\"https:\/\/www.clubdefundraising.com\/moda-por-la-paz-la-poetica-del-arte-vs-el-mensaje-convencional-como-comunicar-tu-causa-en-el-mundo-digital\/\" style=\"border-radius:0px;padding-top:0;padding-right:0;padding-bottom:0;padding-left:0\" target=\"_blank\" rel=\"noreferrer noopener\">Nota aqu\u00ed<\/a><\/div>\n<\/div>\n\n\n\n<p class=\"has-heading-color has-text-color\">Greenpeace \u201chackea\u201d el universo gamer para movilizar a las personas por la urgencia clim\u00e1tica<\/p>\n\n\n\n<div class=\"wp-block-buttons is-layout-flex wp-block-buttons-is-layout-flex\">\n<div class=\"wp-block-button has-custom-width wp-block-button__width-25 has-custom-font-size is-style-outline has-extra-small-font-size\"><a class=\"wp-block-button__link has-primary-color has-base-background-color has-text-color has-background wp-element-button\" href=\"https:\/\/www.clubdefundraising.com\/greenpeace-hackea-el-universo-gamer-para-movilizar-a-las-personas-por-la-urgencia-climatica\/\" style=\"border-radius:0px;padding-top:0;padding-right:0;padding-bottom:0;padding-left:0\" target=\"_blank\" rel=\"noreferrer noopener\">Nota aqu\u00ed<\/a><\/div>\n<\/div>\n\n\n\n<p class=\"has-heading-color has-text-color\">C\u00f3mo la gastronom\u00eda puede ayudar a tu causa. \u201cAcoge un Plato\u201d inaugura su primer restaurante y ofrece una nueva vida a personas refugiadas. CEAR<\/p>\n\n\n\n<div class=\"wp-block-buttons is-layout-flex wp-block-buttons-is-layout-flex\">\n<div class=\"wp-block-button has-custom-width wp-block-button__width-25 has-custom-font-size is-style-outline has-extra-small-font-size\"><a class=\"wp-block-button__link has-primary-color has-base-background-color has-text-color has-background wp-element-button\" href=\"https:\/\/www.clubdefundraising.com\/recetas-autenticas-y-aromas-exiliados-en-madrid-acoge-un-plato-inaugura-su-primer-restaurante-y-ofrece-una-nueva-vida-a-personas-refugiadas-cear\/\" style=\"border-radius:0px;padding-top:0;padding-right:0;padding-bottom:0;padding-left:0\" target=\"_blank\" rel=\"noreferrer noopener\">Nota aqu\u00ed<\/a><\/div>\n<\/div>\n<\/div>\n<\/div>\n<\/div>\n\n\n\n<hr class=\"wp-block-separator has-text-color has-secondary-color has-alpha-channel-opacity has-secondary-background-color has-background is-style-wide\"\/>\n\n\n\n<div class=\"wp-block-columns is-layout-flex wp-container-core-columns-is-layout-2 wp-block-columns-is-layout-flex\">\n<div class=\"wp-block-column is-layout-flow wp-block-column-is-layout-flow\">\n<figure class=\"wp-block-image size-large is-resized\"><img loading=\"lazy\" decoding=\"async\" src=\"https:\/\/valeriagayoso.com.ar\/wp-content\/uploads\/2020\/08\/notredame20190415quaidemontebello_cropped-1024x888.jpg\" alt=\"\" class=\"wp-image-295\" width=\"468\" height=\"405\" srcset=\"https:\/\/valeriagayoso.com.ar\/wp-content\/uploads\/2020\/08\/notredame20190415quaidemontebello_cropped-1024x888.jpg 1024w, https:\/\/valeriagayoso.com.ar\/wp-content\/uploads\/2020\/08\/notredame20190415quaidemontebello_cropped-300x260.jpg 300w, https:\/\/valeriagayoso.com.ar\/wp-content\/uploads\/2020\/08\/notredame20190415quaidemontebello_cropped-768x666.jpg 768w, https:\/\/valeriagayoso.com.ar\/wp-content\/uploads\/2020\/08\/notredame20190415quaidemontebello_cropped-1536x1333.jpg 1536w, https:\/\/valeriagayoso.com.ar\/wp-content\/uploads\/2020\/08\/notredame20190415quaidemontebello_cropped-2048x1777.jpg 2048w\" sizes=\"(max-width: 468px) 100vw, 468px\" \/><\/figure>\n<\/div>\n\n\n\n<div class=\"wp-block-column is-layout-flow wp-block-column-is-layout-flow\">\n<h2 class=\"wp-block-heading has-extra-large-font-size\">Ciencia &amp; Fundraising<\/h2>\n\n\n\n<p class=\"has-heading-color has-text-color\">\u00bfSer\u00e1s capaz de cumplir tu misi\u00f3n? Juego, fundraising &amp; engagement<\/p>\n\n\n\n<div class=\"wp-block-buttons is-layout-flex wp-block-buttons-is-layout-flex\">\n<div class=\"wp-block-button has-custom-width wp-block-button__width-25 has-custom-font-size is-style-outline has-extra-small-font-size\"><a class=\"wp-block-button__link has-primary-color has-base-background-color has-text-color has-background wp-element-button\" href=\"https:\/\/www.clubdefundraising.com\/seras-capaz-de-cumplir-tu-mision-juego-fundraising-engagement\/\" style=\"border-radius:0px;padding-top:0;padding-right:0;padding-bottom:0;padding-left:0\" target=\"_blank\" rel=\"noreferrer noopener\">Nota aqu\u00ed<\/a><\/div>\n<\/div>\n\n\n\n<p class=\"has-heading-color has-text-color\">Celebridades en Fundraising. \u00bfPor qu\u00e9 nos importa qu\u00e9 dicen y qu\u00e9 piensan nuestros \u00eddolos?<\/p>\n\n\n\n<div class=\"wp-block-buttons is-layout-flex wp-block-buttons-is-layout-flex\">\n<div class=\"wp-block-button has-custom-width wp-block-button__width-25 has-custom-font-size is-style-outline has-extra-small-font-size\"><a class=\"wp-block-button__link has-primary-color has-base-background-color has-text-color has-background wp-element-button\" href=\"https:\/\/www.clubdefundraising.com\/celebridades-en-fundraising-por-que-nos-importa-que-dicen-y-que-piensan-nuestros-idolos\/\" style=\"border-radius:0px;padding-top:0;padding-right:0;padding-bottom:0;padding-left:0\" target=\"_blank\" rel=\"noreferrer noopener\">Nota aqu\u00ed<\/a><\/div>\n<\/div>\n\n\n\n<p class=\"has-heading-color has-text-color\">El Primer Seminario Internacional de Econom\u00eda del Comportamiento, Fundraising y Comunicaci\u00f3n en l\u00ednea y en espa\u00f1ol convoc\u00f3 a 16 pa\u00edses de Iberoam\u00e9rica.<\/p>\n\n\n\n<div class=\"wp-block-buttons is-layout-flex wp-block-buttons-is-layout-flex\">\n<div class=\"wp-block-button has-custom-width wp-block-button__width-25 has-custom-font-size is-style-outline has-extra-small-font-size\"><a class=\"wp-block-button__link has-primary-color has-base-background-color has-text-color has-background wp-element-button\" href=\"\" style=\"border-radius:0px;padding-top:0;padding-right:0;padding-bottom:0;padding-left:0\" target=\"_blank\" rel=\"noreferrer noopener\">Nota aqu\u00ed<\/a><\/div>\n<\/div>\n\n\n\n<p class=\"has-heading-color has-text-color\">Notre Dame o Yemen Mu\u00e9strame para qu\u00e9 donas.<\/p>\n\n\n\n<div class=\"wp-block-buttons is-layout-flex wp-block-buttons-is-layout-flex\">\n<div class=\"wp-block-button has-custom-width wp-block-button__width-25 has-custom-font-size is-style-outline has-extra-small-font-size\"><a class=\"wp-block-button__link has-primary-color has-base-background-color has-text-color has-background wp-element-button\" href=\"\" style=\"border-radius:0px;padding-top:0;padding-right:0;padding-bottom:0;padding-left:0\" target=\"_blank\" rel=\"noreferrer noopener\">Nota aqu\u00ed<\/a><\/div>\n<\/div>\n<\/div>\n<\/div>\n<\/div>\n<\/div>\n\n\n\n<div class=\"wp-block-group has-global-padding is-layout-constrained wp-block-group-is-layout-constrained\">\n<div class=\"wp-block-columns is-layout-flex wp-container-core-columns-is-layout-3 wp-block-columns-is-layout-flex\">\n<div class=\"wp-block-column is-layout-flow wp-block-column-is-layout-flow\">\n<hr class=\"wp-block-separator has-text-color has-secondary-color has-alpha-channel-opacity has-secondary-background-color has-background is-style-wide\"\/>\n<\/div>\n<\/div>\n<\/div>\n\n\n\n<div class=\"wp-block-columns is-layout-flex wp-container-core-columns-is-layout-4 wp-block-columns-is-layout-flex\">\n<div class=\"wp-block-column is-layout-flow wp-block-column-is-layout-flow\">\n<figure class=\"wp-block-image size-large\"><img loading=\"lazy\" decoding=\"async\" width=\"1024\" height=\"683\" src=\"https:\/\/valeriagayoso.com.ar\/wp-content\/uploads\/2023\/08\/shutterstock_1835654911-1024x683.jpeg\" alt=\"\" class=\"wp-image-794\" srcset=\"https:\/\/valeriagayoso.com.ar\/wp-content\/uploads\/2023\/08\/shutterstock_1835654911-1024x683.jpeg 1024w, https:\/\/valeriagayoso.com.ar\/wp-content\/uploads\/2023\/08\/shutterstock_1835654911-300x200.jpeg 300w, https:\/\/valeriagayoso.com.ar\/wp-content\/uploads\/2023\/08\/shutterstock_1835654911-768x512.jpeg 768w, https:\/\/valeriagayoso.com.ar\/wp-content\/uploads\/2023\/08\/shutterstock_1835654911-1536x1024.jpeg 1536w, https:\/\/valeriagayoso.com.ar\/wp-content\/uploads\/2023\/08\/shutterstock_1835654911-2048x1365.jpeg 2048w\" sizes=\"(max-width: 1024px) 100vw, 1024px\" \/><\/figure>\n<\/div>\n\n\n\n<div class=\"wp-block-column is-layout-flow wp-block-column-is-layout-flow\">\n<h2 class=\"wp-block-heading has-heading-color has-text-color has-extra-large-font-size\">Red de Mujeres en Fundraising<\/h2>\n\n\n\n<p class=\"has-heading-color has-text-color\">Mujeres en Fundraising. Historias que rompen barreras para cambiar la realidad \u00a1No te lo puedes perder! #8M<\/p>\n\n\n\n<div class=\"wp-block-buttons is-layout-flex wp-block-buttons-is-layout-flex\">\n<div class=\"wp-block-button has-custom-width wp-block-button__width-25 has-custom-font-size is-style-outline has-extra-small-font-size\"><a class=\"wp-block-button__link has-primary-color has-base-background-color has-text-color has-background wp-element-button\" href=\"https:\/\/www.clubdefundraising.com\/mujeres-en-fundraising-historias-que-rompen-barreras-para-cambiar-la-realidad-no-te-lo-puedes-perder-8m\/\" style=\"border-radius:0px;padding-top:0;padding-right:0;padding-bottom:0;padding-left:0\" target=\"_blank\" rel=\"noreferrer noopener\">Nota aqu\u00ed<\/a><\/div>\n<\/div>\n\n\n\n<p class=\"has-heading-color has-text-color\">\u201cMujeres y Fundraising Digital\u201d \u00a1As\u00ed fue el segundo encuentro de la Red de Mujeres en Fundraising!<\/p>\n\n\n\n<div class=\"wp-block-buttons is-layout-flex wp-block-buttons-is-layout-flex\">\n<div class=\"wp-block-button has-custom-width wp-block-button__width-25 has-custom-font-size is-style-outline has-extra-small-font-size\"><a class=\"wp-block-button__link has-primary-color has-base-background-color has-text-color has-background wp-element-button\" href=\"https:\/\/www.clubdefundraising.com\/mujeres-y-fundraising-digital-asi-fue-el-segundo-encuentro-de-la-red-de-mujeres-en-fundraising\/\" style=\"border-radius:0px;padding-top:0;padding-right:0;padding-bottom:0;padding-left:0\" target=\"_blank\" rel=\"noreferrer noopener\">Nota aqu\u00ed<\/a><\/div>\n<\/div>\n<\/div>\n<\/div>\n\n\n\n<hr class=\"wp-block-separator has-text-color has-secondary-color has-alpha-channel-opacity has-secondary-background-color has-background is-style-wide\"\/>\n\n\n\n<div class=\"wp-block-columns is-layout-flex wp-container-core-columns-is-layout-5 wp-block-columns-is-layout-flex\">\n<div class=\"wp-block-column is-layout-flow wp-block-column-is-layout-flow\">\n<figure class=\"wp-block-image size-full\"><img loading=\"lazy\" decoding=\"async\" width=\"1024\" height=\"752\" src=\"https:\/\/valeriagayoso.com.ar\/wp-content\/uploads\/2020\/08\/comedor.jpg\" alt=\"\" class=\"wp-image-297\" srcset=\"https:\/\/valeriagayoso.com.ar\/wp-content\/uploads\/2020\/08\/comedor.jpg 1024w, https:\/\/valeriagayoso.com.ar\/wp-content\/uploads\/2020\/08\/comedor-300x220.jpg 300w, https:\/\/valeriagayoso.com.ar\/wp-content\/uploads\/2020\/08\/comedor-768x564.jpg 768w\" sizes=\"(max-width: 1024px) 100vw, 1024px\" \/><\/figure>\n<\/div>\n\n\n\n<div class=\"wp-block-column is-layout-flow wp-block-column-is-layout-flow\">\n<h2 class=\"wp-block-heading has-extra-large-font-size\">Covid-19. Las organizaciones en pandemia<\/h2>\n\n\n\n<p class=\"has-heading-color has-text-color\">\u00abEncrucijada\u00bb, una serie diferente. Cruz Roja Espa\u00f1ola rinde homenaje a sus voluntarios.<\/p>\n\n\n\n<div class=\"wp-block-buttons is-layout-flex wp-block-buttons-is-layout-flex\">\n<div class=\"wp-block-button has-custom-width wp-block-button__width-25 has-custom-font-size is-style-outline has-extra-small-font-size\"><a class=\"wp-block-button__link has-primary-color has-base-background-color has-text-color has-background wp-element-button\" href=\"https:\/\/clubdefundraising.com\/encrucijada-una-serie-diferente-cruz-roja-espanola-rinde-homenaje-a-sus-voluntarios\/\" style=\"border-radius:0px;padding-top:0;padding-right:0;padding-bottom:0;padding-left:0\" target=\"_blank\" rel=\"noreferrer noopener\">Nota aqu\u00ed<\/a><\/div>\n<\/div>\n\n\n\n<p class=\"has-heading-color has-text-color\">\u00a1ReImaginando juntos el Fundraising! Diferentes causas unen fuerzas para impulsar la Innovaci\u00f3n.<\/p>\n\n\n\n<div class=\"wp-block-buttons is-layout-flex wp-block-buttons-is-layout-flex\">\n<div class=\"wp-block-button has-custom-width wp-block-button__width-25 has-custom-font-size is-style-outline has-extra-small-font-size\"><a class=\"wp-block-button__link has-primary-color has-base-background-color has-text-color has-background wp-element-button\" href=\"https:\/\/www.clubdefundraising.com\/reimaginando-juntos-el-fundraising-diferentes-causas-unen-fuerzas-para-impulsar-la-innovacion-desafio-global\/\" style=\"border-radius:0px;padding-top:0;padding-right:0;padding-bottom:0;padding-left:0\" target=\"_blank\" rel=\"noreferrer noopener\">Nota aqu\u00ed<\/a><\/div>\n<\/div>\n\n\n\n<p class=\"has-heading-color has-text-color\">Activismo digital en pandemia. Una nueva ola de cambio impulsado por las personas.&nbsp;<\/p>\n\n\n\n<div class=\"wp-block-buttons is-layout-flex wp-block-buttons-is-layout-flex\">\n<div class=\"wp-block-button has-custom-width wp-block-button__width-25 has-custom-font-size is-style-outline has-extra-small-font-size\"><a class=\"wp-block-button__link has-primary-color has-base-background-color has-text-color has-background wp-element-button\" href=\"https:\/\/clubdefundraising.com\/la-era-del-activismo-digital-una-nueva-ola-de-cambio-social-en-pandemia\/\" style=\"border-radius:0px;padding-top:0;padding-right:0;padding-bottom:0;padding-left:0\" target=\"_blank\" rel=\"noreferrer noopener\">Nota aqu\u00ed<\/a><\/div>\n<\/div>\n<\/div>\n<\/div>\n\n\n\n<hr class=\"wp-block-separator has-text-color has-secondary-color has-alpha-channel-opacity has-secondary-background-color has-background is-style-wide\"\/>\n\n\n\n<div class=\"wp-block-columns is-layout-flex wp-container-core-columns-is-layout-6 wp-block-columns-is-layout-flex\">\n<div class=\"wp-block-column is-layout-flow wp-block-column-is-layout-flow\">\n<figure class=\"wp-block-image size-full\"><img loading=\"lazy\" decoding=\"async\" width=\"1000\" height=\"667\" src=\"https:\/\/valeriagayoso.com.ar\/wp-content\/uploads\/2021\/05\/46714376_10156248942596312_501918794562666496_o.jpg\" alt=\"\" class=\"wp-image-496\" srcset=\"https:\/\/valeriagayoso.com.ar\/wp-content\/uploads\/2021\/05\/46714376_10156248942596312_501918794562666496_o.jpg 1000w, https:\/\/valeriagayoso.com.ar\/wp-content\/uploads\/2021\/05\/46714376_10156248942596312_501918794562666496_o-300x200.jpg 300w, https:\/\/valeriagayoso.com.ar\/wp-content\/uploads\/2021\/05\/46714376_10156248942596312_501918794562666496_o-768x512.jpg 768w\" sizes=\"(max-width: 1000px) 100vw, 1000px\" \/><\/figure>\n<\/div>\n\n\n\n<div class=\"wp-block-column is-layout-flow wp-block-column-is-layout-flow\">\n<h2 class=\"wp-block-heading has-extra-large-font-size\">Congresos. Foros. Encuentros<\/h2>\n\n\n\n<h4 class=\"wp-block-heading has-medium-font-size\">Cobertura de prensa &amp; participaci\u00f3n.<\/h4>\n\n\n\n<p class=\"has-heading-color has-text-color\">Tendencias en la captaci\u00f3n de fondos para emergencias e investigaci\u00f3n. \u00a1Reflexiones de un evento imperdible!<\/p>\n\n\n\n<div class=\"wp-block-buttons is-layout-flex wp-block-buttons-is-layout-flex\">\n<div class=\"wp-block-button has-custom-width wp-block-button__width-25 has-custom-font-size is-style-outline has-extra-small-font-size\"><a class=\"wp-block-button__link has-primary-color has-base-background-color has-text-color has-background wp-element-button\" href=\"https:\/\/www.clubdefundraising.com\/tendencias-en-la-captacion-de-fondos-para-emergencias-e-investigacion-un-evento-imperdible\/\" style=\"border-radius:0px;padding-top:0;padding-right:0;padding-bottom:0;padding-left:0\">Nota aqu\u00ed<\/a><\/div>\n<\/div>\n\n\n\n<p class=\"has-heading-color has-text-color\">Encuentro Virtual Latinoamericano de Fundraising 2020. Los Cap\u00edtulos AFP M\u00e9xico nos convocaron para pensar en \u201cInnovaci\u00f3n y horizontes posibles\u201d.&nbsp;<\/p>\n\n\n\n<div class=\"wp-block-buttons is-layout-flex wp-block-buttons-is-layout-flex\">\n<div class=\"wp-block-button has-custom-width wp-block-button__width-25 has-custom-font-size is-style-outline has-extra-small-font-size\"><a class=\"wp-block-button__link has-primary-color has-base-background-color has-text-color has-background wp-element-button\" href=\"https:\/\/www.clubdefundraising.com\/encuentro-virtual-latinoamericano-de-fundraising-los-capitulos-afp-mexico-nos-reunieron-para-pensar-en-innovacion-y-horizontes-posibles\/\" style=\"border-radius:0px;padding-top:0;padding-right:0;padding-bottom:0;padding-left:0\">Nota aqu\u00ed<\/a><\/div>\n<\/div>\n\n\n\n<p class=\"has-heading-color has-text-color\">\u00abAnt\u00eddotos contra la crisis\u00bb. Pasi\u00f3n y acci\u00f3n en el Congreso Internacional de Fundraising en l\u00ednea organizado por Aedros, 2020.&nbsp;<\/p>\n\n\n\n<div class=\"wp-block-buttons is-layout-flex wp-block-buttons-is-layout-flex\">\n<div class=\"wp-block-button has-custom-width wp-block-button__width-25 has-custom-font-size is-style-outline has-extra-small-font-size\"><a class=\"wp-block-button__link has-primary-color has-base-background-color has-text-color has-background wp-element-button\" href=\"https:\/\/www.clubdefundraising.com\/antidotos-contra-la-crisis-pasion-y-accion-en-el-congreso-internacional-de-fundraising-en-linea-organizado-por-aedros\/\" style=\"border-radius:0px;padding-top:0;padding-right:0;padding-bottom:0;padding-left:0\">Nota aqu\u00ed<\/a><\/div>\n<\/div>\n\n\n\n<p class=\"has-heading-color has-text-color\">Reinventarnos ante los nuevos paradigmas. Foro FIPAN on line 2020. Venezuela.<\/p>\n\n\n\n<div class=\"wp-block-buttons is-layout-flex wp-block-buttons-is-layout-flex\">\n<div class=\"wp-block-button has-custom-width wp-block-button__width-25 has-custom-font-size is-style-outline has-extra-small-font-size\"><a class=\"wp-block-button__link has-primary-color has-base-background-color has-text-color has-background wp-element-button\" href=\"https:\/\/clubdefundraising.com\/reinventarnos-ante-los-nuevos-paradigmas-foro-fipan-on-line-2020-venezuela-13-de-agosto\/\" style=\"border-radius:0px;padding-top:0;padding-right:0;padding-bottom:0;padding-left:0\">Nota aqu\u00ed<\/a><\/div>\n<\/div>\n<\/div>\n<\/div>\n<\/div>\n\n\n\n<hr class=\"wp-block-separator has-text-color has-secondary-color has-alpha-channel-opacity has-secondary-background-color has-background is-style-wide\"\/>\n\n\n\n<p><\/p>\n","protected":false},"excerpt":{"rendered":"<p>Lee mis publicaciones en el Club de Fundraising, comunidad global de tendencias de fundraising, en idioma espa\u00f1ol. Tendencias. Noticias. Opini\u00f3n. Ciencia &amp; Fundraising \u00bfSer\u00e1s capaz de cumplir tu misi\u00f3n? Juego, fundraising &amp; engagement Celebridades en Fundraising. \u00bfPor qu\u00e9 nos importa qu\u00e9 dicen y qu\u00e9 piensan nuestros \u00eddolos? El Primer Seminario Internacional de Econom\u00eda del Comportamiento, [&hellip;]<\/p>\n","protected":false},"author":1,"featured_media":0,"parent":0,"menu_order":0,"comment_status":"closed","ping_status":"closed","template":"","meta":{"footnotes":""},"_links":{"self":[{"href":"https:\/\/valeriagayoso.com.ar\/index.php\/wp-json\/wp\/v2\/pages\/8"}],"collection":[{"href":"https:\/\/valeriagayoso.com.ar\/index.php\/wp-json\/wp\/v2\/pages"}],"about":[{"href":"https:\/\/valeriagayoso.com.ar\/index.php\/wp-json\/wp\/v2\/types\/page"}],"author":[{"embeddable":true,"href":"https:\/\/valeriagayoso.com.ar\/index.php\/wp-json\/wp\/v2\/users\/1"}],"replies":[{"embeddable":true,"href":"https:\/\/valeriagayoso.com.ar\/index.php\/wp-json\/wp\/v2\/comments?post=8"}],"version-history":[{"count":27,"href":"https:\/\/valeriagayoso.com.ar\/index.php\/wp-json\/wp\/v2\/pages\/8\/revisions"}],"predecessor-version":[{"id":827,"href":"https:\/\/valeriagayoso.com.ar\/index.php\/wp-json\/wp\/v2\/pages\/8\/revisions\/827"}],"wp:attachment":[{"href":"https:\/\/valeriagayoso.com.ar\/index.php\/wp-json\/wp\/v2\/media?parent=8"}],"curies":[{"name":"wp","href":"https:\/\/api.w.org\/{rel}","templated":true}]}}